{"id":91,"date":"2022-05-11T00:32:22","date_gmt":"2022-05-11T03:32:22","guid":{"rendered":"https:\/\/medicaloffice.com.br\/blog\/?page_id=91"},"modified":"2022-06-04T16:53:34","modified_gmt":"2022-06-04T19:53:34","slug":"material-didatico","status":"publish","type":"page","link":"https:\/\/medicaloffice.com.br\/blog\/index.php\/material-didatico\/","title":{"rendered":"Material Did\u00e1tico"},"content":{"rendered":"\n<div class=\"wp-block-media-text alignwide is-stacked-on-mobile\" style=\"grid-template-columns:16% auto\"><figure class=\"wp-block-media-text__media\"><a href=\"https:\/\/medicaloffice.com.br\/blog\/index.php\/planilha-fluxo-de-caixa-para-clinicas\/\"><img loading=\"lazy\" width=\"5000\" height=\"3986\" src=\"https:\/\/medicaloffice.com.br\/blog\/wp-content\/uploads\/2022\/05\/monitor.png\" alt=\"\" class=\"wp-image-71 size-full\" srcset=\"https:\/\/medicaloffice.com.br\/blog\/wp-content\/uploads\/2022\/05\/monitor.png 5000w, https:\/\/medicaloffice.com.br\/blog\/wp-content\/uploads\/2022\/05\/monitor-300x239.png 300w, https:\/\/medicaloffice.com.br\/blog\/wp-content\/uploads\/2022\/05\/monitor-1024x816.png 1024w, https:\/\/medicaloffice.com.br\/blog\/wp-content\/uploads\/2022\/05\/monitor-768x612.png 768w, https:\/\/medicaloffice.com.br\/blog\/wp-content\/uploads\/2022\/05\/monitor-1536x1224.png 1536w, https:\/\/medicaloffice.com.br\/blog\/wp-content\/uploads\/2022\/05\/monitor-2048x1633.png 2048w\" sizes=\"(max-width: 5000px) 100vw, 5000px\" \/><\/a><\/figure><div class=\"wp-block-media-text__content\">\n<p class=\"has-text-color\" style=\"color:#070f7f;font-size:18px\"><a href=\"https:\/\/medicaloffice.com.br\/blog\/index.php\/planilha-fluxo-de-caixa-para-clinicas\/\">[Planilha Gratuita] Fluxo de Caixa para Cl\u00ed\u00adnicas<\/a><\/p>\n\n\n\n<p>Realizar o controle financeiro de seu consult\u00f3rio nem sempre \u00e9 uma tarefa f\u00e1cil. Para te ajudar, elaboramos esta\u00a0<strong>planilha gratuita<\/strong>\u00a0para que voc\u00ea tenha mais controle e organiza\u00e7\u00e3o.<\/p>\n<\/div><\/div>\n\n\n\n<p><\/p>\n","protected":false},"excerpt":{"rendered":"<p>[Planilha Gratuita] Fluxo de Caixa para Cl\u00ed\u00adnicas Realizar o controle financeiro de seu consult\u00f3rio nem [&hellip;]<\/p>\n","protected":false},"author":1,"featured_media":0,"parent":0,"menu_order":0,"comment_status":"closed","ping_status":"closed","template":"","meta":[],"yoast_head":"<!-- This site is optimized with the Yoast SEO plugin v18.8 - https:\/\/yoast.com\/wordpress\/plugins\/seo\/ -->\n<title>Material Did\u00e1tico - Blog Medical Office<\/title>\n<meta name=\"robots\" content=\"index, follow, max-snippet:-1, max-image-preview:large, max-video-preview:-1\" \/>\n<link rel=\"canonical\" href=\"https:\/\/medicaloffice.com.br\/blog\/index.php\/material-didatico\/\" \/>\n<meta property=\"og:locale\" content=\"pt_BR\" \/>\n<meta property=\"og:type\" content=\"article\" \/>\n<meta property=\"og:title\" content=\"Material Did\u00e1tico - Blog Medical Office\" \/>\n<meta property=\"og:description\" content=\"[Planilha Gratuita] Fluxo de Caixa para Cl\u00ed\u00adnicas Realizar o controle financeiro de seu consult\u00f3rio nem [&hellip;]\" \/>\n<meta property=\"og:url\" content=\"https:\/\/medicaloffice.com.br\/blog\/index.php\/material-didatico\/\" \/>\n<meta property=\"og:site_name\" content=\"Blog Medical Office\" \/>\n<meta property=\"article:modified_time\" content=\"2022-06-04T19:53:34+00:00\" \/>\n<meta property=\"og:image\" content=\"https:\/\/medicaloffice.com.br\/blog\/wp-content\/uploads\/2022\/05\/monitor.png\" \/>\n<meta name=\"twitter:card\" content=\"summary_large_image\" \/>\n<meta name=\"twitter:label1\" content=\"Est. reading time\" \/>\n\t<meta name=\"twitter:data1\" content=\"1 minuto\" \/>\n<script type=\"application\/ld+json\" class=\"yoast-schema-graph\">{\"@context\":\"https:\/\/schema.org\",\"@graph\":[{\"@type\":\"WebSite\",\"@id\":\"https:\/\/medicaloffice.com.br\/blog\/#website\",\"url\":\"https:\/\/medicaloffice.com.br\/blog\/\",\"name\":\"Blog Medical Office\",\"description\":\"Conte\u00fado de valor para seu consult\u00f3rio\",\"potentialAction\":[{\"@type\":\"SearchAction\",\"target\":{\"@type\":\"EntryPoint\",\"urlTemplate\":\"https:\/\/medicaloffice.com.br\/blog\/?s={search_term_string}\"},\"query-input\":\"required name=search_term_string\"}],\"inLanguage\":\"pt-BR\"},{\"@type\":\"ImageObject\",\"inLanguage\":\"pt-BR\",\"@id\":\"https:\/\/medicaloffice.com.br\/blog\/index.php\/material-didatico\/#primaryimage\",\"url\":\"https:\/\/medicaloffice.com.br\/blog\/wp-content\/uploads\/2022\/05\/monitor.png\",\"contentUrl\":\"https:\/\/medicaloffice.com.br\/blog\/wp-content\/uploads\/2022\/05\/monitor.png\",\"width\":5000,\"height\":3986},{\"@type\":\"WebPage\",\"@id\":\"https:\/\/medicaloffice.com.br\/blog\/index.php\/material-didatico\/#webpage\",\"url\":\"https:\/\/medicaloffice.com.br\/blog\/index.php\/material-didatico\/\",\"name\":\"Material Did\u00e1tico - Blog Medical Office\",\"isPartOf\":{\"@id\":\"https:\/\/medicaloffice.com.br\/blog\/#website\"},\"primaryImageOfPage\":{\"@id\":\"https:\/\/medicaloffice.com.br\/blog\/index.php\/material-didatico\/#primaryimage\"},\"datePublished\":\"2022-05-11T03:32:22+00:00\",\"dateModified\":\"2022-06-04T19:53:34+00:00\",\"breadcrumb\":{\"@id\":\"https:\/\/medicaloffice.com.br\/blog\/index.php\/material-didatico\/#breadcrumb\"},\"inLanguage\":\"pt-BR\",\"potentialAction\":[{\"@type\":\"ReadAction\",\"target\":[\"https:\/\/medicaloffice.com.br\/blog\/index.php\/material-didatico\/\"]}]},{\"@type\":\"BreadcrumbList\",\"@id\":\"https:\/\/medicaloffice.com.br\/blog\/index.php\/material-didatico\/#breadcrumb\",\"itemListElement\":[{\"@type\":\"ListItem\",\"position\":1,\"name\":\"Home\",\"item\":\"https:\/\/medicaloffice.com.br\/blog\/\"},{\"@type\":\"ListItem\",\"position\":2,\"name\":\"Material Did\u00e1tico\"}]}]}<\/script>\n<!-- \/ Yoast SEO plugin. -->","yoast_head_json":{"title":"Material Did\u00e1tico - Blog Medical Office","robots":{"index":"index","follow":"follow","max-snippet":"max-snippet:-1","max-image-preview":"max-image-preview:large","max-video-preview":"max-video-preview:-1"},"canonical":"https:\/\/medicaloffice.com.br\/blog\/index.php\/material-didatico\/","og_locale":"pt_BR","og_type":"article","og_title":"Material Did\u00e1tico - Blog Medical Office","og_description":"[Planilha Gratuita] Fluxo de Caixa para Cl\u00ed\u00adnicas Realizar o controle financeiro de seu consult\u00f3rio nem [&hellip;]","og_url":"https:\/\/medicaloffice.com.br\/blog\/index.php\/material-didatico\/","og_site_name":"Blog Medical Office","article_modified_time":"2022-06-04T19:53:34+00:00","og_image":[{"url":"https:\/\/medicaloffice.com.br\/blog\/wp-content\/uploads\/2022\/05\/monitor.png"}],"twitter_card":"summary_large_image","twitter_misc":{"Est. reading time":"1 minuto"},"schema":{"@context":"https:\/\/schema.org","@graph":[{"@type":"WebSite","@id":"https:\/\/medicaloffice.com.br\/blog\/#website","url":"https:\/\/medicaloffice.com.br\/blog\/","name":"Blog Medical Office","description":"Conte\u00fado de valor para seu consult\u00f3rio","potentialAction":[{"@type":"SearchAction","target":{"@type":"EntryPoint","urlTemplate":"https:\/\/medicaloffice.com.br\/blog\/?s={search_term_string}"},"query-input":"required name=search_term_string"}],"inLanguage":"pt-BR"},{"@type":"ImageObject","inLanguage":"pt-BR","@id":"https:\/\/medicaloffice.com.br\/blog\/index.php\/material-didatico\/#primaryimage","url":"https:\/\/medicaloffice.com.br\/blog\/wp-content\/uploads\/2022\/05\/monitor.png","contentUrl":"https:\/\/medicaloffice.com.br\/blog\/wp-content\/uploads\/2022\/05\/monitor.png","width":5000,"height":3986},{"@type":"WebPage","@id":"https:\/\/medicaloffice.com.br\/blog\/index.php\/material-didatico\/#webpage","url":"https:\/\/medicaloffice.com.br\/blog\/index.php\/material-didatico\/","name":"Material Did\u00e1tico - Blog Medical Office","isPartOf":{"@id":"https:\/\/medicaloffice.com.br\/blog\/#website"},"primaryImageOfPage":{"@id":"https:\/\/medicaloffice.com.br\/blog\/index.php\/material-didatico\/#primaryimage"},"datePublished":"2022-05-11T03:32:22+00:00","dateModified":"2022-06-04T19:53:34+00:00","breadcrumb":{"@id":"https:\/\/medicaloffice.com.br\/blog\/index.php\/material-didatico\/#breadcrumb"},"inLanguage":"pt-BR","potentialAction":[{"@type":"ReadAction","target":["https:\/\/medicaloffice.com.br\/blog\/index.php\/material-didatico\/"]}]},{"@type":"BreadcrumbList","@id":"https:\/\/medicaloffice.com.br\/blog\/index.php\/material-didatico\/#breadcrumb","itemListElement":[{"@type":"ListItem","position":1,"name":"Home","item":"https:\/\/medicaloffice.com.br\/blog\/"},{"@type":"ListItem","position":2,"name":"Material Did\u00e1tico"}]}]}},"guten_post_layout_featured_media_urls":{"full":false,"thumbnail":false,"medium":false,"medium_large":false,"large":false,"1536x1536":false,"2048x2048":false,"guten_post_layout_landscape_large":false,"guten_post_layout_portrait_large":false,"guten_post_layout_square_large":false,"guten_post_layout_landscape":false,"guten_post_layout_portrait":false,"guten_post_layout_square":false},"_links":{"self":[{"href":"https:\/\/medicaloffice.com.br\/blog\/index.php\/wp-json\/wp\/v2\/pages\/91"}],"collection":[{"href":"https:\/\/medicaloffice.com.br\/blog\/index.php\/wp-json\/wp\/v2\/pages"}],"about":[{"href":"https:\/\/medicaloffice.com.br\/blog\/index.php\/wp-json\/wp\/v2\/types\/page"}],"author":[{"embeddable":true,"href":"https:\/\/medicaloffice.com.br\/blog\/index.php\/wp-json\/wp\/v2\/users\/1"}],"replies":[{"embeddable":true,"href":"https:\/\/medicaloffice.com.br\/blog\/index.php\/wp-json\/wp\/v2\/comments?post=91"}],"version-history":[{"count":5,"href":"https:\/\/medicaloffice.com.br\/blog\/index.php\/wp-json\/wp\/v2\/pages\/91\/revisions"}],"predecessor-version":[{"id":177,"href":"https:\/\/medicaloffice.com.br\/blog\/index.php\/wp-json\/wp\/v2\/pages\/91\/revisions\/177"}],"wp:attachment":[{"href":"https:\/\/medicaloffice.com.br\/blog\/index.php\/wp-json\/wp\/v2\/media?parent=91"}],"curies":[{"name":"wp","href":"https:\/\/api.w.org\/{rel}","templated":true}]}}